p + 1326. What is q(-11)?
-5
Let h(i) = 12*i**2 - 87*i - 4. Determine h(6).
-94
Let a(b) = 13*b**2 - 9*b + 12. Determine a(2).
46
Let a(d) = d**2 + 32*d - 345. Determine a(9).
24
Let w(v) = -v**2 + 16*v - 79. Calculate w(8).
-15
Let g(h) = 314*h + 634. Determine g(-2).
6
Let n(x) = 2*x**3 - 19*x + 10. Give n(5).
165
Let b(w) = -4*w**3 + 250*w**2 + 125*w + 56. Calculate b(63).
-7
Let f(c) = -144*c - 4185. Calculate f(-29).
-9
Let g(k) = 5*k**2 + 34*k + 1. What is g(-4)?
-55
Let l(y) = y**3 + 5*y**2 - 791*y - 3955. What is l(-5)?
0
Let u(y) = -y**3 - 18*y**2 + 18*y + 35. Determine u(-19).
54
Let b(d) = -d + 181. Calculate b(-23).
204
Let c(g) = g**2 + 584*g + 16637. Determine c(-30).
17
Let x(u) = 37*u**3 + 297*u**2 + 5*u - 15. What is x(-8)?
9
Let o(y) = -y**3 - 4*y**2 + 8*y - 26. What is o(-6)?
-2
Let r(x) = -3*x**3 - 4*x**2 + 275*x - 531. What is r(2)?
-21
Let a(g) = 4*g**2 - 58*g - 454. Determine a(-8).
266
Let w(a) = -3*a - 268. Determine w(-83).
-19
Let f(m) = 36*m**2 + 23*m + 4. What is f(3)?
397
Let u(y) = -2*y**2 - 56*y - 105. Determine u(-3).
45
Let u(t) = -t**3 + 12*t**2 + 360*t + 116. Give u(26).
12
Let h(b) = 21*b**2 + 11*b + 10. Determine h(-1).
20
Let b(k) = -k**3 - 26*k**2 + 26*k + 32. Give b(-27).
59
Let l(f) = -4*f**3 + 31*f**2 - 164*f + 1393. Give l(8).
17
Let f(r) = 876*r**3 + 13*r**2 + 4*r - 2. Determine f(1).
891
Let u(r) = -r**3 + 8*r**2 - 63*r + 392. What is u(7)?
0
Let t(y) = -y**2 - 70*y - 1198. Give t(-30).
2
Let o(s) = -18*s + 75. What is o(5)?
-15
Let g(q) = -10*q + 177. Give g(16).
17
Let d(x) = 159*x - 3633. What is d(22)?
-135
Let q(y) = 3*y**3 - 7*y**2 + 15*y - 19. Calculate q(3).
44
Let a(h) = -35*h**2 + 1052*h - 76. Calculate a(30).
-16
Let p(q) = q**3 - 21*q**2 - 7*q - 26. Calculate p(21).
-173
Let b(j) = j**2 - 92*j + 602. What is b(85)?
7
Let i(k) = k**3 + 14*k**2 - 48*k + 30. Determine i(-17).
-21
Let f(v) = -30*v**3 + 2*v**2 - 4*v - 18. Calculate f(3).
-822
Let c(w) = 2*w**2 - 16*w - 6. Determine c(3).
-36
Let x(z) = 2*z**3 + 13*z**2 + 18*z + 46. Calculate x(-5).
31
Let b(g) = -g**2 - 46*g + 2238. Determine b(-76).
-42
Let c(w) = 5*w**2 + 104*w - 28. Determine c(-21).
-7
Let k(v) = 38*v + 1679. Calculate k(-42).
83
Let w(a) = a**2 + 6*a - 220. Give w(-15).
-85
Let a(h) = -h**3 + 5*h**2 - 7*h + 16. Determine a(5).
-19
Let v(r) = -r + 31. Determine v(0).
31
Let i(x) = -76*x + 44. Determine i(1).
-32
Let f(s) = s**3 + 7*s**2 - 16*s + 4. What is f(-9)?
-14
Let f(t) = 3*t**2 + 284*t - 874. Determine f(3).
5
Let o(x) = 61*x - 304. Determine o(5).
1
Let a(y) = y**2 - 11*y - 116. Determine a(12).
-104
Let h(o) = 8*o**2 - 7*o - 10. Determine h(8).
446
Let r(n) = 89*n + 77. What is r(4)?
433
Let c(h) = -2*h**2 - 127*h + 68. Determine c(-64).
4
Let g(a) = -84*a + 3866. Calculate g(46).
2
Let c(o) = -4*o**2 - 2*o + 255. Give c(-8).
15
Let r(l) = 319*l + 6350. What is r(-20)?
-30
Let c(h) = 2*h**3 - 63*h**2 - 97*h - 57. What is c(33)?
9
Let b(k) = 16*k**2 + 152*k + 6. Give b(-9).
-66
Let p(t) = -4*t**3 + 5*t**2 + 5*t + 9. What is p(-4)?
325
Let h(c) = 2*c**2 + 21*c + 6. Determine h(-9).
-21
Let w(z) = z**3 - 10*z**2 - 7*z + 7. What is w(7)?
-189
Let m(l) = -2137*l + 12868. Determine m(6).
46
Let n(u) = -u**2 + 76*u - 577. Determine n(13).
242
Let h(d) = -545*d - 5456. Calculate h(-10).
-6
Let o(d) = -2*d**2 + 148*d - 1281. Calculate o(10).
-1
Let g(m) = -76*m + 614. Determine g(8).
6
Let o(v) = -v**3 + 14*v**2 - 10*v + 176. Calculate o(13).
215
Let b(f) = -3*f**2 + 4*f + 173. Give b(-7).
-2
Let l(r) = 1199*r + 31210. Calculate l(-26).
36
Let c(u) = -2*u**3 + 58*u**2 - 278*u + 52. Determine c(23).
6
Let b(s) = s**3 + 20*s**2 - 16*s + 624. Give b(-22).
8
Let f(l) = 3*l**3 + 12*l**2 - 25*l - 14. Calculate f(-7).
-280
Let h(m) = 19*m - 143. Determine h(8).
9
Let x(r) = -r**3 - 55*r**2 - 529*r + 23. Give x(-42).
-691
Let z(p) = 12*p - 788. Give z(66).
4
Let x(o) = -2*o**2 - 17*o - 88. Give x(-5).
-53
Let a(l) = 58*l**2 - 518*l - 12. Determine a(9).
24
Let z(q) = -4*q**2 - 48*q - 110. Give z(-15).
-290
Let x(n) = -866*n + 7796. Determine x(9).
2
Let b(s) = -2*s**3 + 97*s**2 - 50*s + 46. Give b(48).
-50
Let v(q) = q**3 + 25*q**2 + 58*q - 60. What is v(-22)?
116
Let m(d) = -235*d**2 - 57339*d + 236. Determine m(-244).
-8
Let f(s) = 55*s**2 - 661*s + 14. What is f(12)?
2
Let t(s) = -825*s - 12370. Calculate t(-15).
5
Let z(d) = d**2 - 12*d + 58. Calculate z(5).
23
Let q(t) = -t**2 + 45*t - 131. Calculate q(3).
-5
Let c(v) = v**3 - 14*v**2 + 5*v - 12. Calculate c(13).
-116
Let c(w) = -w**3 + 9*w**2 - 42*w + 162. What is c(6)?
18
Let y(w) = w**3 - 33*w**2 - 38*w + 2512. Give y(32).
272
Let f(j) = j**3 - 8*j**2 - 12*j - 2. Calculate f(10).
78
Let w(l) = -25*l**2 - 68*l - 98. Calculate w(-2).
-62
Let y(s) = 555*s + 421. Determine y(1).
976
Let b(t) = 3*t**3 + t**2 - 4*t - 4. Determine b(-3).
-64
Let u(x) = 44*x + 2142. Calculate u(-32).
734
Let m(a) = 85*a + 1207. Give m(-29).
-1258
Let m(i) = 6*i**2 + 25*i + 15. Give m(-1).
-4
Let w(a) = 30*a - 769. Give w(24).
-49
Let d(u) = 9*u**3 + 81*u**2 - 8*u - 55. What is d(-9)?
17
Let c(r) = -r**2 - 38*r - 57. What is c(-25)?
268
Let i(m) = 2*m**3 - 3*m**2 - 8*m + 59. Calculate i(5).
194
Let f(t) = t**3 + 60*t**2 + 58*t - 54. Give f(-59).
5
Let o(w) = w**3 + 23*w**2 + 23*w + 30. Calculate o(-22).
8
Let n(f) = f**3 - 6*f**2 + 3*f + 22. What is n(5)?
12
Let q(h) = -89*h + 4881. Give q(47).
698
Let c(t) = -12*t**2 + 8*t + 147. Determine c(4).
-13
Let v(t) = 3*t**3 - 12*t**2 - 12*t + 38. Give v(5).
53
Let n(i) = -562*i - 225. Determine n(-1).
337
Let m(y) = -y**3 - 7*y**2 - y + 9. What is m(0)?
9
Let m(s) = -473*s - 2815. Determine m(-6).
23
Let m(j) = 103*j + 2529. What is m(-25)?
-46
Let y(o) = o**3 - 8*o**2 - 5*o - 3. Calculate y(7).
-87
Let t(w) = -w**3 + 23*w**2 - 17*w - 224. Give t(21).
301
Let p(n) = -114*n - 8889. Give p(-78).
3
Let w(u) = 213*u + 1701. Calculate w(-8).
-3
Let w(j) = 1018*j - 11183. Determine w(11).
15
Let i(u) = 3*u + 330. Give i(37).
441
Let w(g) = 125*g - 164. Determine w(1).
-39
Let b(h) = 3*h**2 + 8*h - 229. Determine b(-9).
-58
Let c(q) = -63*q + 1122. Determine c(20).
-138
Let a(l) = -7*l**3 + 18*l**2 + 13*l - 10. Give a(3).
2
Let r(z) = z**2 + 52*z - 501. Give r(0).
-501
Let z(h) = h**3 + 58*h**2 + 842*h + 7. Calculate z(-29).
-22
Let s(f) = 9*f**2 - 17*f - 10. Determine s(7).
312
Let a(x) = 377*x + 1138. Determine a(-3).
7
Let c(y) = 31*y + 515. Give c(-17).
-12
Let c(t) = t**2 + 61*t - 395. What is c(-67)?
7
Let f(v) = -v**2 - 32*v + 66. Determine f(-26).
222
Let p(w) = -43*w + 265. Give p(7).
-36
Let j(l) = -129*l - 349. Give j(-3).
38
Let t(g) = g**3 - 9*g**2 - 134*g + 23. Determine t(-8).
7
Let a(h) = -35*h + 740. Give a(21).
5
Let t(m) = -2573*m + 5141. Give t(2).
-5
Let m(o) = -29*o - 669. Determine m(-16).
-205
Let s(n) = -26*n**2 - 3*n - 1. Give s(2).
-111
Let a(l) = l**3 - 28*l**2 - 51*l - 171. Determine a(30).
99
Let f(h) = -h + 65. What is f(20)?
45
Let g(h) = -24*h + 322. Calculate g(10).
82
Let r(y) = -33*y - 1231. What is r(-25)?
-406
Let t(k) = 357*k - 18225. What is t(51)?
-18
Let i(m) = -m**3 + 12*m**2 - 30*m + 6. Determine i(6).
42
Let m(o) = 3*o**3 - 101*o**2 - 64*o + 991. Calculate m(34).
-29
Let q(u) = -u**2 + 67*u - 844. Determine q(50).
6
Let a(q) = -19*q + 56. What is a(5)?
-39
Let a(p) = -4*p**3 + 27*p**2 - 58*p + 460. Calculate a(7).
5
Let r(s) = -86*s - 218. Calculate r(-3).
40
Let c(p) = p**3 + 11*p**2 - 70*p - 189. Give c(6).
3
Let o(t) = -10*t + 76. Determine o(15).
-74
Let g(y) = y**3 - 25*y**2 + 17*y - 365. Determine g(25).
60
Let y(w) = -287*w + 6889. Determine y(24).
1
Let t(r) = 57*r + 3797. What is t(-69)?
-136
Let b(d) = 9*d**2 - 69*d + 10. What is b(8)?
34
Let f(c) = -c**3 + 3*c**2 + 6*c + 5. What is f(-5)?
175
Let j(w) = 30*w - 160. Give j(5).
-10
Let l(y) = -377*y**2 + 760*y - 5. Give l(2).
7
Let t(l) = l**2 + 54*l + 692. Calculate t(-23).
-21
Let d(n) = -n**3 + 46*n**2 + 1679*n - 23. What is d(-24)?
1
Let r(q) = -q**2 - q + 1075. Determine r(37).
-331
Let y(o) = -o**3 + 29*o + 4. What is y(0)?
4
Let d(l) = -20*l**2 + 76*l - 26. Determine d(3).
22
Let o(n) = -n**3 + 49*n**2 + 211*n + 58. Give o(53).
5
Let g(h) = -h**2 - 8*h + 922. What is g(-35)?
-23
Let o(s) = -s**2 - 24*s + 119. What is o(-28)?
7
Let q(y) = y**3 +